usands digit of 27149?
2
What is the tens digit of 3378988?
8
What is the hundred thousands digit of 543945?
5
What is the hundred thousands digit of 266714?
2
What is the hundreds digit of 277174?
1
What is the hundred thousands digit of 1893715?
8
What is the units digit of 623618?
8
What is the hundred thousands digit of 6515789?
5
What is the thousands digit of 364603?
4
What is the tens digit of 8260157?
5
What is the thousands digit of 615600?
5
What is the hundred thousands digit of 755003?
7
What is the millions digit of 27934937?
7
What is the millions digit of 2198091?
2
What is the tens digit of 2929344?
4
What is the hundred thousands digit of 741967?
7
What is the ten thousands digit of 61531?
6
What is the ten thousands digit of 4832011?
3
What is the ten millions digit of 24071148?
2
What is the ten thousands digit of 262818?
6
What is the hundreds digit of 251089?
0
What is the tens digit of 7435565?
6
What is the hundreds digit of 8522340?
3
What is the ten thousands digit of 153605?
5
What is the tens digit of 2884577?
7
What is the hundreds digit of 896217?
2
What is the thousands digit of 162672?
2
What is the hundred thousands digit of 1484433?
4
What is the units digit of 7281126?
6
What is the thousands digit of 58541?
8
What is the hundred thousands digit of 15216052?
2
What is the units digit of 193857?
7
What is the ten thousands digit of 152074?
5
What is the tens digit of 256183?
8
What is the hundreds digit of 384428?
4
What is the hundred thousands digit of 201382?
2
What is the thousands digit of 146918?
6
What is the hundred thousands digit of 5947418?
9
What is the ten thousands digit of 20452984?
5
What is the ten thousands digit of 194136?
9
What is the millions digit of 1257946?
1
What is the ten thousands digit of 6167722?
6
What is the ten thousands digit of 9539847?
3
What is the units digit of 1483932?
2
What is the hundreds digit of 2018699?
6
What is the hundred thousands digit of 6246652?
2
What is the tens digit of 222215?
1
What is the thousands digit of 77539?
7
What is the ten thousands digit of 6134006?
3
What is the thousands digit of 19086?
9
What is the tens digit of 1477468?
6
What is the ten thousands digit of 6301910?
0
What is the thousands digit of 913406?
3
What is the ten thousands digit of 62148?
6
What is the units digit of 723493?
3
What is the hundred thousands digit of 254360?
2
What is the thousands digit of 47800?
7
What is the hundred thousands digit of 2475095?
4
What is the tens digit of 159666?
6
What is the ten thousands digit of 1764203?
6
What is the hundreds digit of 820698?
6
What is the units digit of 3178447?
7
What is the hundreds digit of 1471271?
2
What is the units digit of 3999170?
0
What is the hundreds digit of 13365907?
9
What is the units digit of 6447216?
6
What is the units digit of 850498?
8
What is the hundred thousands digit of 228312?
2
What is the units digit of 56701?
1
What is the hundreds digit of 21683015?
0
What is the hundred thousands digit of 526236?
5
What is the ten thousands digit of 224777?
2
What is the units digit of 160731?
1
What is the hundreds digit of 1650494?
4
What is the millions digit of 2022765?
2
What is the hundred thousands digit of 233056?
2
What is the hundred thousands digit of 498003?
4
What is the millions digit of 8045026?
8
What is the hundreds digit of 20785208?
2
What is the hundreds digit of 361986?
9
What is the thousands digit of 3327428?
7
What is the ten thousands digit of 1070287?
7
What is the thousands digit of 2077023?
7
What is the tens digit of 674271?
7
What is the millions digit of 2856091?
2
What is the tens digit of 89748?
4
What is the hundreds digit of 660399?
3
What is the ten thousands digit of 1184276?
8
What is the ten thousands digit of 177518?
7
What is the tens digit of 14704475?
7
What is the ten thousands digit of 11907105?
0
What is the tens digit of 22879698?
9
What is the hundreds digit of 617876?
8
What is the hundreds digit of 88847?
8
What is the tens digit of 346103?
0
What is the thousands digit of 398738?
8
What is the tens digit of 16888217?
1
What is the thousands digit of 716786?
6
What is the hundreds digit of 104736?
7
What is the units digit of 476381?
1
What is the hundred thousands digit of 37462326?
4
What is the thousands digit of 223768?
3
What is the ten thousands digit of 4036357?
3
What is the units digit of 19061752?
2
What is the tens digit of 1883512?
1
What is the tens digit of 345359?
5
What is the units digit of 1285162?
2
What is the hundreds digit of 37295247?
2
What is the tens digit of 5041542?
4
What is the thousands digit of 980665?
0
What is the ten thousands digit of 445406?
4
What is the tens digit of 606141?
4
What is the tens digit of 25012031?
3
What is the thousands digit of 159683?
9
What is the thousands digit of 1093871?
3
What is the thousands digit of 9791?
9
What is the hundreds digit of 278975?
9
What is the hundred thousands digit of 10862428?
8
What is the hundreds digit of 41559292?
2
What is the tens digit of 653506?
0
What is the ten thousands digit of 50055?
5
What is the hundred thousands digit of 25002679?
0
What is the ten thousands digit of 21590791?
9
What is the millions digit of 5340577?
5
What is the tens digit of 2505720?
2
What is the units digit of 2060571?
1
What is the hundred thousands digit of 343121?
3
What is the hundred thousands digit of 2428854?
4
What is the thousands digit of 36696?
6
What is the hundreds digit of 383225?
2
What is the millions digit of 1819400?
1
What is the thousands digit of 1956882?
6
What is the thousands digit of 8952048?
2
What is the thousands digit of 5239924?
9
What is the hundred thousands digit of 150650?
1
What is the millions digit of 3012102?
3
What is the millions digit of 3333354?
3
What is the ten thousands digit of 3582823?
8
What is the tens digit of 115831?
3
What is the hundred thousands digit of 486424?
4
What is the hundreds digit of 191445?
4
What is the tens digit of 153829?
2
What is the thousands digit of 550336?
0
What is the hundreds digit of 122885?
8
What is the tens digit of 249281?
8
What is the millions digit of 2238691?
2
What is the millions digit of 8418549?
8
What is the millions digit of 7026577?
7
What is the hundred thousands digit of 200177?
2
What is the ten thousands digit of 4185163?
8
What is the units digit of 575294?
4
What is the hundred thousands digit of 4805164?
8
What is the thousands digit of 188828?
8
What is the hundred thousands digit of 355798?
3
What is the units digit of 1038685?
5
What is the hundreds digit of 2081498?
4
What is the tens digit of 21681912?
1
What is the thousands digit of 102015?
2
What is the tens digit of 1014264?
6
What is the units digit of 13685881?
1
What is the hundreds digit of 408709?
7
What is the hundreds digit of 587688?
6
What is the ten thousands digit of 15774493?
7
What is the hundreds digit of 29075154?
1
What is the hundred thousands digit of 1523363?
5
What is the ten thousands digit of 1077317?
7
What is the hundreds digit of 1159277?
2
What is the millions digit of 1210386?
1
What is the thousands digit of 627815?
7
What is the ten thousands digit of 119641?
1
What is the thousands digit of 2046308?
6
What is the hundred thousands digit of 1871379?
8
What is the hundred thousands digit of 403659?
4
What is the thousands digit of 20512410?
2
What is the millions digit of 17345886?
7
What is the ten thousands digit of 1121202?
2
What is the hundreds digit of 4877341?
3
What is the units digit of 2738091?
1
What is the units digit of 272457?
7
What is the ten thousands digit of 42157?
4
What is the thousands digit of 219655?
9
What is the tens digit of 661402?
0
What is the hundred thousands digit of 151562?
1
What is the ten thousands digit of 826218?
2
What is the ten thousands digit of 430375?
3
What is the ten thousands digit of 418767?
1
What is the units digit of 116852?
2
What is the hundred thousands digit of 584202?
5
What is the ten millions digit of 20240611?
2
What is the ten thousands digit of 254650?
5
What is the thousands digit of 56886?
6
What is the tens digit of 345125?
2
What is the thousands digit of 822194?
2
What is the hundred thousands digit of 398610?
3
What is the millions 